he remainder when 795162185 is divided by 78?
77
What is the remainder when 99278 is divided by 98121?
1157
What is the remainder when 408249 is divided by 56548?
12413
What is the remainder when 22636703 is divided by 5659174?
7
Calculate the remainder when 921839 is divided by 13.
9
What is the remainder when 718900 is divided by 104?
52
Calculate the remainder when 24484 is divided by 24220.
264
What is the remainder when 9427413 is divided by 7429?
12
What is the remainder when 2014689 is divided by 100?
89
What is the remainder when 10389887 is divided by 232?
231
What is the remainder when 16633275 is divided by 228?
219
Calculate the remainder when 19524580 is divided by 9762284.
12
Calculate the remainder when 177978 is divided by 3707.
42
What is the remainder when 108595 is divided by 108530?
65
Calculate the remainder when 42962605 is divided by 117.
88
Calculate the remainder when 971942 is divided by 323716.
794
What is the remainder when 27830314 is divided by 343?
323
Calculate the remainder when 16961919 is divided by 311.
290
What is the remainder when 1371046 is divided by 4510?
6
What is the remainder when 29091248 is divided by 893?
880
What is the remainder when 1699 is divided by 13?
9
What is the remainder when 368202 is divided by 367378?
824
What is the remainder when 1452098 is divided by 145209?
8
What is the remainder when 517580 is divided by 131?
130
What is the remainder when 48794853 is divided by 1046?
1045
What is the remainder when 100920 is divided by 841?
0
Calculate the remainder when 22138980 is divided by 531.
528
Calculate the remainder when 324737 is divided by 107806.
1319
What is the remainder when 103212 is divided by 2871?
2727
What is the remainder when 147650 is divided by 49104?
338
Calculate the remainder when 556782 is divided by 15464.
78
What is the remainder when 1664882 is divided by 1664882?
0
Calculate the remainder when 124823 is divided by 40790.
2453
Calculate the remainder when 1500904 is divided by 90.
64
Calculate the remainder when 2395454 is divided by 798471.
41
Calculate the remainder when 750870 is divided by 5828.
4886
Calculate the remainder when 317718 is divided by 4001.
1639
What is the remainder when 42972493 is divided by 887?
4
Calculate the remainder when 8544683 is divided by 144825.
8
Calculate the remainder when 4589207 is divided by 936.
935
Calculate the remainder when 798055 is divided by 31922.
5
What is the remainder when 439974961 is divided by 2179?
2176
Calculate the remainder when 608694 is divided by 14.
2
What is the remainder when 54800 is divided by 10549?
2055
Calculate the remainder when 2611973 is divided by 2611962.
11
Calculate the remainder when 452001 is divided by 279.
21
What is the remainder when 371277 is divided by 2443?
2384
Calculate the remainder when 8438025 is divided by 27.
12
Calculate the remainder when 47168 is divided by 4121.
1837
Calculate the remainder when 68782 is divided by 72.
22
Calculate the remainder when 24338602 is divided by 74888.
2
Calculate the remainder when 3642 is divided by 3610.
32
Calculate the remainder when 7590043 is divided by 230001.
10
Calculate the remainder when 198621 is divided by 49442.
853
Calculate the remainder when 379000 is divided by 10521.
244
Calculate the remainder when 4113415 is divided by 63.
19
Calculate the remainder when 37431688 is divided by 361.
320
Calculate the remainder when 3822479 is divided by 410.
49
What is the remainder when 2722077 is divided by 1360820?
437
What is the remainder when 1191484 is divided by 26?
8
What is the remainder when 54182624 is divided by 125?
124
What is the remainder when 788080 is divided by 149?
19
Calculate the remainder when 167674 is divided by 5589.
4
Calculate the remainder when 1285532 is divided by 256882.
1122
What is the remainder when 4957130 is divided by 4956307?
823
Calculate the remainder when 125773880 is divided by 3629.
3627
What is the remainder when 1951697 is divided by 497?
475
What is the remainder when 23578 is divided by 2589?
277
Calculate the remainder when 3039 is divided by 868.
435
Calculate the remainder when 147738142 is divided by 6.
4
What is the remainder when 5448795 is divided by 204?
159
What is the remainder when 236433773 is divided by 8?
5
What is the remainder when 4135932 is divided by 36?
0
Calculate the remainder when 38606 is divided by 18798.
1010
What is the remainder when 20674205 is divided by 80?
45
Calculate the remainder when 704236346 is divided by 193.
190
Calculate the remainder when 58894848 is divided by 4775.
4773
What is the remainder when 1258550 is divided by 4527?
44
What is the remainder when 48124 is divided by 910?
804
What is the remainder when 7232000 is divided by 25?
0
What is the remainder when 565231 is divided by 7638?
19
What is the remainder when 2171443 is divided by 469?
442
Calculate the remainder when 734671 is divided by 734660.
11
What is the remainder when 106292548 is divided by 13?
11
Calculate the remainder when 277058 is divided by 69095.
678
Calculate the remainder when 19531 is divided by 334.
159
Calculate the remainder when 41955159 is divided by 159.
147
Calculate the remainder when 6066223 is divided by 143.
20
Calculate the remainder when 28415612 is divided by 4226.
4214
What is the remainder when 337193384 is divided by 28?
24
What is the remainder when 127524 is divided by 42376?
396
Calculate the remainder when 11907627 is divided by 87556.
11
Calculate the remainder when 4226332 is divided by 4226327.
5
Calculate the remainder when 4052351 is divided by 384.
383
Calculate the remainder when 104227 is divided by 104223.
4
Calculate the remainder when 7098465 is divided by 2366033.
366
What is the remainder when 1212037 is divided by 404005?
22
What is the remainder when 83167 is divided by 486?
61
Calculate the remainder when 176509 is divided by 176273.
236
Calculate the remainder when 612013 is divided by 201.
169
Calculate the remainder when 204636 is divided by 13637.
81
What is the remainder when 13573080 is divided by 2714597?
95
What is the remainder when 205716959 is divided by 144?
143
What is the remainder when 3183561 is divided by 2881?
56
What is the remainder when 241818 is divided by 227?
63
What is the remainder when 10197878 is divided by 35?
33
What is the remainder when 769672019 is divided by 12?
11
Calculate the remainder when 696118 is divided by 696118.
0
What is the remainder when 370253 is divided by 41139?
2
What is the remainder when 24878316 is divided by 38691?
3
What is the remainder when 129551 is divided by 2590?
51
What is the remainder when 12339959 is divided by 276?
275
Calculate the remainder when 763328 is divided by 763278.
50
What is the remainder when 639879 is divided by 213292?
3
What is the remainder when 9850127 is divided by 2979?
1553
Calculate the remainder when 5431428 is divided by 40533.
6
What is the remainder when 17710 is divided by 1004?
642
What is the remainder when 2944248 is divided by 256?
248
Calculate the remainder when 1468308 is divided by 81472.
1812
Calculate the remainder when 281249 is divided by 1536.
161
What is the remainder when 68144 is divided by 9701?
237
Calculate the remainder when 1525036 is divided by 2047.
21
What is the remainder when 16093795 is divided by 5364594?
13
Calculate the remainder when 50797 is divided by 1328.
333
What is the remainder when 46115 is divided by 4938?
1673
Calculate the remainder when 7443962 is divided by 223.
222
Calculate the remainder when 4645534 is divided by 1161336.
190
What is the remainder when 745941 is divided by 11301?
75
Calculate the remainder when 12857276 is divided by 16.
12
Calculate the remainder when 894978 is divided by 263.
252
Calculate the remainder when 28166 is divided by 5537.
481
What is the remainder when 150673 is divided by 660?
193
Calculate the remainder when 87292 is divided by 5533.
4297
What is the remainder when 587739 is divided by 146915?
79
What is the remainder when 2124963 is divided by 502?
499
Calculate the remainder when 22249318 is divided by 3151.
107
What is the remainder when 709327 is divided by 1037?
19
What is the remainder when 2784803 is divided by 1156?
1155
Calculate the remainder w